{"id":195,"date":"2024-01-15T04:49:25","date_gmt":"2024-01-15T03:49:25","guid":{"rendered":"https:\/\/dual.dgetichiapas.com\/?page_id=195"},"modified":"2024-01-30T02:58:33","modified_gmt":"2024-01-30T01:58:33","slug":"video-tutoriales-estudiantes-dual","status":"publish","type":"page","link":"https:\/\/dual.dgetichiapas.com\/index.php\/video-tutoriales-estudiantes-dual\/","title":{"rendered":"V\u00eddeo Tutoriales &#8211; Estudiantes DUAL"},"content":{"rendered":"\n<p><strong>V\u00eddeo tutorial 01 &#8211; Acceder a la plataforma<\/strong><\/p>\n\n\n\n<figure class=\"wp-block-embed is-type-video is-provider-youtube wp-block-embed-youtube wp-embed-aspect-4-3 wp-has-aspect-ratio\"><div class=\"wp-block-embed__wrapper\">\n<iframe loading=\"lazy\" title=\"01 - Acceder a la plataforma DUAL\" width=\"500\" height=\"375\" src=\"https:\/\/www.youtube.com\/embed\/ZMKcd8pWiCM?feature=oembed\" frameborder=\"0\" allow=\"accelerometer; autoplay; clipboard-write; encrypted-media; gyroscope; picture-in-picture; web-share\" allowfullscreen><\/iframe>\n<\/div><\/figure>\n\n\n\n<p><strong>V\u00eddeo tutorial 02 &#8211; Editar perfil en plataforma<\/strong><\/p>\n\n\n\n<figure class=\"wp-block-embed is-type-video is-provider-youtube wp-block-embed-youtube wp-embed-aspect-4-3 wp-has-aspect-ratio\"><div class=\"wp-block-embed__wrapper\">\n<iframe loading=\"lazy\" title=\"02 - Editar perfil en plataforma DUAL\" width=\"500\" height=\"375\" src=\"https:\/\/www.youtube.com\/embed\/xB80r2uw8hw?feature=oembed\" frameborder=\"0\" allow=\"accelerometer; autoplay; clipboard-write; encrypted-media; gyroscope; picture-in-picture; web-share\" allowfullscreen><\/iframe>\n<\/div><\/figure>\n\n\n\n<p><strong>V\u00eddeo tutorial 03 &#8211; Estructura de cursos en plataforma DUAL<\/strong><\/p>\n\n\n\n<figure class=\"wp-block-embed is-type-video is-provider-youtube wp-block-embed-youtube wp-embed-aspect-4-3 wp-has-aspect-ratio\"><div class=\"wp-block-embed__wrapper\">\n<iframe loading=\"lazy\" title=\"03 - Estructura de cursos en plataforma DUAL\" width=\"500\" height=\"375\" src=\"https:\/\/www.youtube.com\/embed\/A6ntg_1puvQ?feature=oembed\" frameborder=\"0\" allow=\"accelerometer; autoplay; clipboard-write; encrypted-media; gyroscope; picture-in-picture; web-share\" allowfullscreen><\/iframe>\n<\/div><\/figure>\n\n\n\n<p><strong>V\u00eddeo tutorial 04 &#8211; Ponderaci\u00f3n de actividades en la opci\u00f3n DUAL<\/strong><\/p>\n\n\n\n<figure class=\"wp-block-embed is-type-video is-provider-youtube wp-block-embed-youtube wp-embed-aspect-4-3 wp-has-aspect-ratio\"><div class=\"wp-block-embed__wrapper\">\n<iframe loading=\"lazy\" title=\"04 - Ponderaci\u00f3n de actividades opci\u00f3n DUAL\" width=\"500\" height=\"375\" src=\"https:\/\/www.youtube.com\/embed\/25YcVmFMOuw?feature=oembed\" frameborder=\"0\" allow=\"accelerometer; autoplay; clipboard-write; encrypted-media; gyroscope; picture-in-picture; web-share\" allowfullscreen><\/iframe>\n<\/div><\/figure>\n\n\n\n<p><strong>V\u00eddeo tutorial 05 &#8211; Participar en foros y enviar actividades en plataforma DUAL<\/strong><\/p>\n\n\n\n<figure class=\"wp-block-embed is-type-video is-provider-youtube wp-block-embed-youtube wp-embed-aspect-4-3 wp-has-aspect-ratio\"><div class=\"wp-block-embed__wrapper\">\n<iframe loading=\"lazy\" title=\"05 - Participar en foros y enviar actividades en plataforma DUAL\" width=\"500\" height=\"375\" src=\"https:\/\/www.youtube.com\/embed\/VaDmkkXl6bY?feature=oembed\" frameborder=\"0\" allow=\"accelerometer; autoplay; clipboard-write; encrypted-media; gyroscope; picture-in-picture; web-share\" allowfullscreen><\/iframe>\n<\/div><\/figure>\n\n\n\n<p><strong>V\u00eddeo tutorial 06 &#8211; Guardar archivos en PDF y unir PDFs<\/strong><\/p>\n\n\n\n<figure class=\"wp-block-embed is-type-video is-provider-youtube wp-block-embed-youtube wp-embed-aspect-4-3 wp-has-aspect-ratio\"><div class=\"wp-block-embed__wrapper\">\n<iframe loading=\"lazy\" title=\"06 - Guardar archivos en PDF y unir PDFs\" width=\"500\" height=\"375\" src=\"https:\/\/www.youtube.com\/embed\/qMfOI_fmBVE?feature=oembed\" frameborder=\"0\" allow=\"accelerometer; autoplay; clipboard-write; encrypted-media; gyroscope; picture-in-picture; web-share\" allowfullscreen><\/iframe>\n<\/div><\/figure>\n\n\n\n<p><strong>V\u00eddeo tutorial 07 &#8211; Calendario DUAL y periodo de recuperaci\u00f3n<\/strong><\/p>\n\n\n\n<figure class=\"wp-block-embed is-type-video is-provider-youtube wp-block-embed-youtube wp-embed-aspect-4-3 wp-has-aspect-ratio\"><div class=\"wp-block-embed__wrapper\">\n<iframe loading=\"lazy\" title=\"07 - Calendario DUAL y periodo de recuperaci\u00f3n\" width=\"500\" height=\"375\" src=\"https:\/\/www.youtube.com\/embed\/sTn1cV7iWsk?feature=oembed\" frameborder=\"0\" allow=\"accelerometer; autoplay; clipboard-write; encrypted-media; gyroscope; picture-in-picture; web-share\" allowfullscreen><\/iframe>\n<\/div><\/figure>\n\n\n\n<p><strong>V\u00eddeo tutorial 08 &#8211; SISEEMS DUAL del CBTIS 144 (Provisional)<\/strong><\/p>\n\n\n\n<figure class=\"wp-block-embed is-type-video is-provider-youtube wp-block-embed-youtube wp-embed-aspect-4-3 wp-has-aspect-ratio\"><div class=\"wp-block-embed__wrapper\">\n<iframe loading=\"lazy\" title=\"08 - SISEEMS DUAL del CBTIS 144 (Provisional)\" width=\"500\" height=\"375\" src=\"https:\/\/www.youtube.com\/embed\/I4kVq-MObAI?feature=oembed\" frameborder=\"0\" allow=\"accelerometer; autoplay; clipboard-write; encrypted-media; gyroscope; picture-in-picture; web-share\" allowfullscreen><\/iframe>\n<\/div><\/figure>\n","protected":false},"excerpt":{"rendered":"<p>V\u00eddeo tutorial 01 &#8211; Acceder a la plataforma V\u00eddeo tutorial 02 &#8211; Editar perfil en plataforma V\u00eddeo tutorial 03 &#8211; Estructura de cursos en plataforma DUAL V\u00eddeo tutorial 04 &#8211; Ponderaci\u00f3n de actividades en la opci\u00f3n DUAL V\u00eddeo tutorial 05 &#8211; Participar en foros y enviar actividades en plataforma DUAL V\u00eddeo tutorial 06 &#8211; Guardar [&hellip;]<\/p>\n","protected":false},"author":1,"featured_media":0,"parent":0,"menu_order":0,"comment_status":"closed","ping_status":"closed","template":"","meta":{"ngg_post_thumbnail":0,"footnotes":""},"_links":{"self":[{"href":"https:\/\/dual.dgetichiapas.com\/index.php\/wp-json\/wp\/v2\/pages\/195"}],"collection":[{"href":"https:\/\/dual.dgetichiapas.com\/index.php\/wp-json\/wp\/v2\/pages"}],"about":[{"href":"https:\/\/dual.dgetichiapas.com\/index.php\/wp-json\/wp\/v2\/types\/page"}],"author":[{"embeddable":true,"href":"https:\/\/dual.dgetichiapas.com\/index.php\/wp-json\/wp\/v2\/users\/1"}],"replies":[{"embeddable":true,"href":"https:\/\/dual.dgetichiapas.com\/index.php\/wp-json\/wp\/v2\/comments?post=195"}],"version-history":[{"count":5,"href":"https:\/\/dual.dgetichiapas.com\/index.php\/wp-json\/wp\/v2\/pages\/195\/revisions"}],"predecessor-version":[{"id":266,"href":"https:\/\/dual.dgetichiapas.com\/index.php\/wp-json\/wp\/v2\/pages\/195\/revisions\/266"}],"wp:attachment":[{"href":"https:\/\/dual.dgetichiapas.com\/index.php\/wp-json\/wp\/v2\/media?parent=195"}],"curies":[{"name":"wp","href":"https:\/\/api.w.org\/{rel}","templated":true}]}}