{"id":75,"date":"2024-01-14T23:24:18","date_gmt":"2024-01-14T22:24:18","guid":{"rendered":"https:\/\/dual.dgetichiapas.com\/?page_id=75"},"modified":"2024-07-08T06:10:32","modified_gmt":"2024-07-08T04:10:32","slug":"beca","status":"publish","type":"page","link":"https:\/\/dual.dgetichiapas.com\/index.php\/beca\/","title":{"rendered":"BECA"},"content":{"rendered":"\n<p>Las y los estudiantes de la opci\u00f3n DUAL gozan del beneficio de la Beca Benito Ju\u00e1rez, siempre y cuando cumplan con los requisitos de la misma, por lo que, deber\u00e1n realizar todos los tr\u00e1mites en la oficina de becas del plantel y mantenerse atentos a las observaciones que se les puedan realizar. <\/p>\n\n\n\n<figure class=\"wp-block-image size-full is-resized\"><img loading=\"lazy\" decoding=\"async\" width=\"1080\" height=\"609\" src=\"https:\/\/dual.dgetichiapas.com\/wp-content\/uploads\/2024\/01\/Becas-Benito-Juarez.jpeg\" alt=\"\" class=\"wp-image-78\" style=\"width:732px;height:auto\"\/><\/figure>\n\n\n\n<p>Adem\u00e1s de la Beca Benito Ju\u00e1rez, en la opci\u00f3n DUAL es posible acceder a la Beca Elisa Acu\u00f1a,  la convocatoria de este apoyo se emite normalmente en el mes de febrero, por lo que, es muy importante mantenerse al pendiente. <\/p>\n\n\n\n<p>Se recomienda revisar la convocatoria de 2024 para tener la documentaci\u00f3n necesaria en tiempo y forma: <a href=\"https:\/\/becasmediasuperior.sep.gob.mx\/pdf\/Convocatorias\/Conv_E_Dual.pdf\" target=\"_blank\" rel=\"noreferrer noopener\">https:\/\/becasmediasuperior.sep.gob.mx\/pdf\/Convocatorias\/Conv_E_Dual.pdf<\/a><\/p>\n\n\n\n<figure class=\"wp-block-image size-full\"><img loading=\"lazy\" decoding=\"async\" width=\"1200\" height=\"675\" src=\"https:\/\/dual.dgetichiapas.com\/wp-content\/uploads\/2024\/01\/beca-elisa-acuna.jpg\" alt=\"\" class=\"wp-image-79\"\/><\/figure>\n\n\n\n<p>Consulta los resultados de la beca en el sistema SIRCAD, no olvides que deber\u00e1s recoger la credencial de beneficiario entre el 06 y el 15 de julio en la oficina de vinculaci\u00f3n. <\/p>\n","protected":false},"excerpt":{"rendered":"<p>Las y los estudiantes de la opci\u00f3n DUAL gozan del beneficio de la Beca Benito Ju\u00e1rez, siempre y cuando cumplan con los requisitos de la misma, por lo que, deber\u00e1n realizar todos los tr\u00e1mites en la oficina de becas del plantel y mantenerse atentos a las observaciones que se les puedan realizar. Adem\u00e1s de la [&hellip;]<\/p>\n","protected":false},"author":1,"featured_media":0,"parent":0,"menu_order":0,"comment_status":"closed","ping_status":"closed","template":"","meta":{"ngg_post_thumbnail":0,"footnotes":""},"_links":{"self":[{"href":"https:\/\/dual.dgetichiapas.com\/index.php\/wp-json\/wp\/v2\/pages\/75"}],"collection":[{"href":"https:\/\/dual.dgetichiapas.com\/index.php\/wp-json\/wp\/v2\/pages"}],"about":[{"href":"https:\/\/dual.dgetichiapas.com\/index.php\/wp-json\/wp\/v2\/types\/page"}],"author":[{"embeddable":true,"href":"https:\/\/dual.dgetichiapas.com\/index.php\/wp-json\/wp\/v2\/users\/1"}],"replies":[{"embeddable":true,"href":"https:\/\/dual.dgetichiapas.com\/index.php\/wp-json\/wp\/v2\/comments?post=75"}],"version-history":[{"count":4,"href":"https:\/\/dual.dgetichiapas.com\/index.php\/wp-json\/wp\/v2\/pages\/75\/revisions"}],"predecessor-version":[{"id":343,"href":"https:\/\/dual.dgetichiapas.com\/index.php\/wp-json\/wp\/v2\/pages\/75\/revisions\/343"}],"wp:attachment":[{"href":"https:\/\/dual.dgetichiapas.com\/index.php\/wp-json\/wp\/v2\/media?parent=75"}],"curies":[{"name":"wp","href":"https:\/\/api.w.org\/{rel}","templated":true}]}}